late m(x).
11
Let n(d) = -d**2 - d + 5. Suppose 4*l - 2*w - 3*w = 18, 27 = 5*l - 4*w. Suppose 2*b - 5*v = -5, l*b - 5*v = 2*b - 20. What is n(b)?
-15
Let h(i) be the first derivative of -3*i + 5/3*i**3 + 3/2*i**2 + 4 + 1/4*i**4. Give h(-5).
-18
Let r = 61 - 67. Let v be ((-10)/r)/((-9)/27). Let s(w) = -w**3 - 4*w**2 + 5*w - 1. Give s(v).
-1
Let t(w) = w**2 + 5*w + 3. Let n(h) = h**2 + 8*h + 9. Let c be n(-6). Calculate t(c).
-3
Let r(p) be the first derivative of -8/3*p**3 + 12 + 1/2*p**2 + 0*p. Give r(1).
-7
Let y(o) = o**2 + 7. Let k(j) = -j**2 - 8. Let s(g) = 5*k(g) + 6*y(g). Calculate s(2).
6
Let h be 4/(5/(-40)*4). Let k(q) = -q - 11. Give k(h).
-3
Let f(d) = -2 + 2*d**2 + 3*d + 7 - 3*d**2 + 3. Suppose h + 4*l + 2 = -0*l, 4*h + 3*l - 18 = 0. Determine f(h).
-10
Let g(s) = -585*s**3 - 7 - 3*s - 589*s**3 + 2*s - 13*s**2 - 5*s + 1176*s**3. What is g(7)?
0
Suppose -5*p + 4*p - 6 = 0. Let s be (-27)/p*(-6)/9. Let v(d) = d**3 + 2*d**2 - 2*d - 4. Calculate v(s).
-7
Suppose 0*n + 30 = 5*n + 4*w, -2*n = -4*w - 12. Let l(h) = h - 1. Let x(i) = -i**3 + 6*i**2 - 4*i. Let v(r) = -6*l(r) - x(r). Determine v(n).
-6
Let c(g) = 2*g**3 + g**2 - 19*g - 21. Let d(k) = k**3 - 9*k - 11. Let q(w) = -3*c(w) + 5*d(w). Determine q(-5).
-2
Let j(p) = -4*p + 6. Let y(w) = -11*w + 16. Let g(a) = -8*j(a) + 3*y(a). Calculate g(5).
-5
Let l(a) = a + 1. Let d(v) = v**2 - 11*v + 14. Let i be d(11). Let q = 14 - i. Suppose 5*n + 2*h - 30 = -3*h, q = -n + 4*h - 19. Calculate l(n).
2
Let m(l) = -l**3 - 5*l**2 - 10*l - 8. Let p be (408/42)/4 + (-3)/7. Let b(d) = -5*d**3 - 24*d**2 - 51*d - 41. Let k(t) = p*b(t) - 11*m(t). What is k(-6)?
-6
Let b(s) = -s**3 - 8*s**2 - 8*s - 4. Let g be b(-7). Let c(h) = -6 + 9*h**2 - h**g - 5*h**2 + 5*h - h**2. What is c(4)?
-2
Let j(k) = 26*k + 3. Let u(f) = -5*f. Let z(w) = j(w) + 6*u(w). What is z(4)?
-13
Let p(j) be the second derivative of j**5/20 - j**4/2 + j**2/2 + 46*j - 3. Determine p(4).
-31
Let f be (14/5 + -2)*-95. Let q = -49 - f. Let t = -29 + q. Let u(z) = -z**2 - 4*z. Give u(t).
4
Suppose -4*q = -3*m - 10, 3*m + 2*m + 2 = 3*q. Let x(z) = 941*z**3 + 15*z - 942*z**3 - 13*z. Determine x(m).
-4
Let d(q) = q**3 - 20*q**2 + 66*q - 9. Let z(v) = -v**2 + 8*v + 1. Let j(b) = -d(b) + 5*z(b). Determine j(13).
14
Suppose 4*q - 21 = -x, 4*x - 3*x = -3. Let n(u) = u**3 - 4*u**2 - 8*u + 8. Determine n(q).
32
Let a(z) = 13*z**3 - 4*z - 4. Let p(d) = -d - 1. Let h(n) = a(n) - 5*p(n). Give h(-1).
-13
Let f be (21*3/9)/1. Let o(h) = -17*h**3 + 9*h**2 - 7*h - 7. Let s(d) = -9*d**3 + 5*d**2 - 4*d - 4. Let t(k) = f*s(k) - 4*o(k). Determine t(1).
4
Let n(s) = -7*s**3 + 18*s**2 + 9*s + 3. Let x(f) = -3*f**3 + 8*f**2 + 4*f + 1. Let r(a) = -2*n(a) + 5*x(a). What is r(4)?
7
Let u(d) = d + 2. Let x(a) = a**2 + 13*a + 8. Let i(z) = -6*u(z) + x(z). What is i(-8)?
4
Let n(c) = -c**2 - 8*c - 3. Let s be 3/(-5) - (-736)/(-115). Calculate n(s).
4
Let c(g) = -1 - 8 - 363825*g + 363826*g. Calculate c(9).
0
Let b = 14 - -81. Suppose -b = 5*z - 5*l, -2*z - 3*l + l - 42 = 0. Let o = -26 - z. Let q(t) = -t - 5. Calculate q(o).
1
Let z be (-3)/(-6) - 3/(-2). Let h(s) be the first derivative of -1/3*s**3 + 1/2*s**4 - 14 - 2*s - 1/2*s**2. What is h(z)?
8
Let k be 15/(-105) + (-40)/(-35). Let o(u) = -5*u**2. Determine o(k).
-5
Let c(t) be the second derivative of -t**3/6 + 7*t**2/2 + 2*t + 4. Let g = 5 - 2. Let o be c(g). Let p(x) = x**3 - 3*x**2 - 2*x - 3. What is p(o)?
5
Let l(f) = f**2 + 3*f - 1. Let n = -22 + 20. Calculate l(n).
-3
Let w(c) = -3*c**2 - 4*c + 1. Let a be w(-2). Let x(r) = 4 + 31*r - 17*r - 19*r - 2. Determine x(a).
17
Let y(s) = s**2 + 3*s - 6. Let z be y(2). Suppose -q + 17 = 5*x, -z*x = -2 - 10. Let v(m) = -127*m**2 - q - 3 + 126*m**2 - 6*m. Determine v(-5).
0
Let u(d) be the third derivative of 0 + 8*d**2 + 3/40*d**6 + 0*d**5 + 0*d**3 + 1/24*d**4 + 0*d. Calculate u(1).
10
Let y = 11 + -14. Let v(u) = u**2 - u + 1. Let m(a) = 3*a**2 - 8*a + 7. Let j(s) = -m(s) + 6*v(s). What is j(y)?
20
Let v(m) = m**3 - m - 15*m**3 + 33*m**3 + 43*m**3 + m**2. Give v(1).
62
Let i(l) = 2*l**2 - 5*l**3 - 4*l**2 + 1 - 2*l**3. Let y(v) = v. Let x be y(2). Suppose 5*t + x = -3. What is i(t)?
6
Let s(a) = a + 3. Suppose -9*m = -7*m. Suppose 2*j - 4 + 0 = m. Let l be -4 - j*(-1)/2. Calculate s(l).
0
Let j(v) = v**3 - 4*v**2 + 2*v - 2. Suppose -78 = -95*g + 69*g. Give j(g).
-5
Let z be 0*2/(-6) + 1. Let d(a) = -4 + 2 - z + 4*a - 5*a. Let y = -9 + 5. Calculate d(y).
1
Suppose -3*f + 3*z + 15 = 0, 29 = -4*z + 9. Let n(v) = v + 4. Determine n(f).
4
Let z(s) = 15 + 11*s - 3*s - 7*s - 2*s. What is z(16)?
-1
Let s(v) = 6*v - 3. Let r be ((-2)/(-6) - 18/27)*-171. Let l = 61 - r. Give s(l).
21
Let l(t) = -4*t**2 - 2*t + 1. Let x(w) = -4*w - 25. Let d be x(-7). Suppose 2 = 5*p - d. Give l(p).
-5
Let w(b) = -b**2 - 7. Let s(v) = -16*v**2 + 26*v - 4. Let i(z) = -3*z**2 + 5*z - 1. Let o(j) = -11*i(j) + 2*s(j). Let h be o(3). Let a = h - 3. Give w(a).
-7
Let z(f) be the first derivative of f**2 + 6*f + 50. What is z(-6)?
-6
Suppose -2*q + z + 3*z = 14, -4*q = 5*z - 37. Let g(d) = 22*d**q - 3 - 1 + 5*d + 7*d**2 - 21*d**3. Give g(-6).
2
Let f(l) = -l**3 - 7*l**2 + 6. Suppose 160 = 9*j + 16. Suppose 3 = -3*q, 2*c + j = -q + 1. What is f(c)?
6
Let h(n) = -2*n - 6. Suppose 2*o - j = 8 + 16, -4*o = 5*j - 20. Let b = o - 7. Let x be b*4/(-3)*1. Give h(x).
2
Let l(n) = 4 + 1 + 8 - 14 + 2*n. Determine l(-2).
-5
Suppose -19 = 5*u - q, -8*u - 21 = -4*u + 5*q. Let l(w) = 2 - 3 - 451*w**3 + 2*w**2 + 452*w**3 - 6*w. Determine l(u).
-9
Let v be -1 + 5 - (14/2 - 8)*3. Let h(r) = 2*r**3 - 21*r**2 + 3*r + 18. Let k(t) = t**3 - 10*t**2 + t + 9. Let b(d) = 3*h(d) - 7*k(d). Calculate b(v).
5
Let z be 5/(-5) + -3 - 17. Let v = z - -20. Let k(j) be the first derivative of -j**2 - j - 2. Give k(v).
1
Let o(r) be the second derivative of 17*r**3/6 + 128*r. Calculate o(-2).
-34
Let f(k) = -2*k - 28. Let d be (-204)/17 - (-2 + 5). Give f(d).
2
Let k(g) be the first derivative of -g**3/2 + g**2 + 25*g - 6. Let l(u) be the first derivative of k(u). Give l(-4).
14
Let h(r) = 5*r**2 - r + 1. Suppose -3*d + 4*t - 66 = 0, 0*d = -5*d - 5*t - 75. Let m = d - -19. Calculate h(m).
5
Let n(m) = 3*m**2 + 10. Let y(r) = -4*r**2 + 6*r + 13. Let c(o) = -3*o**2 + 5*o + 12. Let j(p) = 6*c(p) - 5*y(p). Let l(v) = -7*j(v) + 5*n(v). Determine l(-2).
5
Suppose -17*s + 19*s = 10. Let u(a) be the third derivative of -a**5/60 + a**4/6 + 2*a**3/3 - a**2. Calculate u(s).
-1
Let h(y) = -3*y + 1. Let t(p) = 27*p - 7. Let k(j) = -14*h(j) - 2*t(j). Calculate k(1).
-12
Let l(i) = -i**3 - 6*i**2 - 7*i + 1. Let x(d) = 2*d**3 + 23*d**2 + 9*d - 26. Let k be x(-11). Determine l(k).
-3
Let p(u) = u**3 - 8*u**2 - 10*u - 4. Let c be ((-13)/((-156)/(-20)))/(15/(-81)). Determine p(c).
-13
Let f = 25 - 19. Let l(n) = 3*n**2 - f - 2*n + 2*n**3 + 3*n + 6. Let b = -5 - -3. Determine l(b).
-6
Let x(h) = 10*h + 6 - 2*h - 7*h - 2. What is x(-7)?
-3
Suppose -2*p + 8 + 16 = 0. Suppose -2*d = -5*d + p. Let f(z) = 74*z - d*z**3 - 6 - 5*z**2 + 3*z**3 - 76*z. Give f(-4).
-14
Let t(a) = -11*a**3 - 4*a**2 + 2*a + 1. Let j(o) = 7*o**3 + 3*o**2 - o - 1. Let x = 28 - 23. Let h(k) = x*t(k) + 8*j(k). Give h(-4).
-11
Let g(a) = 2*a + 4 - 9 + 4*a**2 - 3*a**2. Let z be g(-4). Let k(i) = -i**2 + 3*i**2 + 3 - 5*i**3 + i**z - 2*i - 2. Determine k(1).
-3
Let t(d) = d + 2. Let f(h) = -h - 3. Let g(x) = -7*f(x) - 6*t(x). Let n(l) = -3*l + 6. Let a be n(4). Let o be -2 + 3/(a/(-4)). Give g(o).
9
Let n be (41/82)/((2/(-1))/(-8)). Let f(y) = y - 3. Let a(v) = -2*v + 7. Let i(o) = n*a(o) + 5*f(o). Calculate i(0).
-1
Suppose -f + 3 = -4*y - 6, f + 3 = 0. Let w(g) be the first derivative of g**4/4 + 2*g**3/3 + g**2 + 3*g + 123. Determine w(y).
-12
Let c(f) = f**3 - 5*f**2 - 6*f. Suppose 0*x + 6 = -3*x + 5*l, 10 = -5*x + 3*l. Let b = 8 + x. Let r be c(b). Let z(t) = t**2 + 5. What is z(r)?
5
Let j(w) = -11*w + 51. Let l be j(5). Let c(y) = y**3 + 3*y**2 - 4*y - 5. Give c(l).
-5
Let l(g) = 5*g + 4. Let c(k) = -k. Let a(n) = -2*c(n) - l(n). Suppose -2*b = f + 3 - 9, -4*b = -3*f - 2. Suppose -j + f*j = 3. Give a(j).
-13
Suppose -1 = 2*b + 5. Let l(g) = g**2 - 3*g + 4. Let d(m) = -2*m**2 + 7*m - 7. Let t(r) = b*d(r) - 7*l(r). Determine t(0).
-7
Suppose -101 - 67 = -56*z. Let c(l) be the s